+ 1 = 0. Calculate u(z).
5
Let a(y) = -2*y - 4. Let m(s) = 4*s + 8. Let v(b) = -11*a(b) - 6*m(b). Calculate v(-4).
4
Let h(j) = -j**3 + 7*j**2 - 4. Let p be h(7). Let d = p - -6. Let z(a) = 1 + a**2 - d*a + 2*a + 5*a. Give z(-2).
-5
Suppose 7*c = 3*c - 16. Let g be 2/(1/c*2). Let q(w) = w**2 + 3*w + 1. Determine q(g).
5
Let x(v) = -v**3 - 8*v**2 - 7*v - 8. Let g be x(-7). Let a be g/(-2)*(-2 + 1). Let s(o) = o**3 + 4*o**2 - o. What is s(a)?
4
Let a(m) = m + 4. Suppose 2*d + 30 = -3*d - 5*q, -5*d = -4*q + 30. What is a(d)?
-2
Suppose -2*r + 4 = 0, -3*q - 3*r + 61 = 2*r. Let f(i) = 3*i - 7. Let w(u) = -8*u + 20. Let c(z) = q*f(z) + 6*w(z). Give c(3).
10
Let z(i) = -i**3 - i**2 - 6*i + 9. Let k(t) = -2*t**3 - 2*t**2 - 11*t + 17. Let v(s) = 6*k(s) - 11*z(s). Give v(0).
3
Let m(n) = n**3 - 3*n**2 + 2. Suppose 2*w - 1 = 5*c - 3, -2*c = -2*w + 4. Determine m(c).
-2
Let f(p) = -10*p**2. Let r = 6 + -3. Suppose 7*a - 3*w + 2 = 3*a, -a - 5 = -r*w. Calculate f(a).
-10
Let r be 4 + -6 + 3 + -6. Let x(u) be the first derivative of u**3/6 + 3*u**2/2 + u + 1. Let v(d) be the first derivative of x(d). Give v(r).
-2
Let t(c) = -c**2 + 2*c + 6. Let i(y) = -2*y**2 + 3*y + 5. Let z(b) = 2*i(b) - 3*t(b). Let g(s) be the first derivative of z(s). Determine g(3).
-6
Let d(u) = -2*u**2 - 6*u - 4. Let t(o) = -o**2 - 5*o - 3. Let s(z) = 2*d(z) - 3*t(z). What is s(4)?
-3
Let l(x) = x**2 - x. Let j(f) = 7*f**2 - 8*f + 3. Let w(k) = j(k) - 6*l(k). Calculate w(5).
18
Let n(g) = -9*g + 4. Let s(i) = 26*i - 11. Let o(y) = -17*n(y) - 6*s(y). Determine o(2).
-8
Let j(i) = -6*i. Let t = 53 + -51. Determine j(t).
-12
Let t(y) = 6*y + y**2 - 2 - 2*y + 9 + 1. Determine t(-6).
20
Let x be (-2)/(-18) + (-19)/9. Let g(i) = -i**3 - i**2 + 3*i + 2. Give g(x).
0
Let q(t) = t**3 - 7*t**2 + 4*t + 3. Let g(y) = -y**3 + 8*y**2 - 5*y - 4. Let x(v) = 6*g(v) + 7*q(v). Calculate x(3).
9
Let s be (44/12 - 4)/((-3)/18). Let k(i) be the second derivative of -2*i + 1/3*i**3 + 0*i**s + 0. Calculate k(4).
8
Let f be (2/(-3))/(1/3). Let x be 2 - (2 + 2*-1). Let m(u) = 5*u**2 - u**2 - u + 4*u + x + 2*u**3. Calculate m(f).
-4
Let r(t) = -t**3 - 3*t**2 + 4*t - 2. Let p be r(-4). Let m be (6/4)/(p/(-4)). Let q(g) = -g. Give q(m).
-3
Let m(i) be the third derivative of i**4/24 - i**2. Let s(l) = l**2 + 7*l + 1. Let k be s(-6). Let w = k + 0. What is m(w)?
-5
Let i = -3 + 0. Let z(l) = 11*l**2 + 9*l - 17. Let c(o) = 4*o**2 + 3*o - 6. Let a(d) = i*z(d) + 8*c(d). Suppose 6*s = -12 - 12. Determine a(s).
-1
Let r(t) = 5*t. Let a be r(1). Suppose 9 = a*g + 34. Let y(s) be the first derivative of -s**2/2 - 6*s + 1. What is y(g)?
-1
Let a(w) = -2*w**3 + 3*w**2 - 3*w - 1. Let z(n) = n**3 - 4*n**2 + 2*n. Let u(k) = -2*a(k) - 3*z(k). Let g be (-16)/3 - (-4)/(-6). Determine u(g).
2
Let i(b) be the second derivative of -b**4 - b**3/6 - b**2/2 - 4*b. Determine i(-1).
-12
Let p = 1 + 2. Let t(z) be the first derivative of 3*z**2 + z + 0*z**2 + p + 0. Calculate t(1).
7
Let h(r) = r**3 + 2*r**2 + 2*r + 1. Let v be ((-1)/3)/((-2)/24). Suppose 5*k - 25 = 0, -21 = i - 3*k - 2*k. Let y be ((-2)/v)/(i/8). Calculate h(y).
0
Let t(w) = 3*w**3 + 5*w**2 + 8. Let l(f) = -f**3 - 2*f**2 - 3. Let c(g) = 17*l(g) + 6*t(g). What is c(4)?
-3
Let c(x) = 6*x**3 - x**2 - x - 13. Let k(n) = 7*n**3 - n**2 - n - 13. Let z(o) = -6*c(o) + 5*k(o). Let f(v) = 16*v - 48. Let d be f(3). What is z(d)?
13
Let m = 6 + -11. Let n = m - -5. Let a(q) = 0 - q - 2 + n*q. Determine a(2).
-4
Let i(t) = t**3 - 6*t**2 + 7*t - 5. Let l(y) = -y - 1. Suppose m + 10 = 2*z, 3*z = 2*m - m + 10. Let g be 46/m + 6/(-15). Let d be l(g). Determine i(d).
-9
Suppose -5*o - 5 = -0*o. Let f(z) = -8*z**3 - 2*z**2 + 1. Determine f(o).
7
Let r = 37 - 26. Let u = r + -8. Suppose -3*s = u + 3. Let z(v) = 2*v + 1. Give z(s).
-3
Let n(p) be the first derivative of -p**4/4 + 2*p**3 - 3*p**2/2 - 5*p - 3. Calculate n(5).
5
Let d(w) = w**2 + 7*w + 7. Let f = -39 - -33. Calculate d(f).
1
Let n(k) be the first derivative of k**4/4 - k**3/3 - 1. Determine n(2).
4
Let u(x) = x**3 + 13*x**2 - 12*x + 29. Let p be u(-14). Let h(f) = -f**3 + 2*f**2 - 1. Determine h(p).
0
Let z(k) = 7*k + 4. Let v(o) = -6*o - 4. Let t(u) = -6*v(u) - 5*z(u). Suppose 0*j - j = -3*x + 7, 3*j + 5*x + 7 = 0. What is t(j)?
0
Let q(n) = -4*n**2 + n. Let s = -3 - -2. Calculate q(s).
-5
Let i = 7 - 4. Let d(f) = 3*f**3 + 3*f**2 - 10*f + 8. Let l(q) = 2*q**3 + q**2 - 5*q + 4. Let m(b) = 3*d(b) - 5*l(b). Calculate m(i).
-2
Let x(o) be the third derivative of -7*o**5/60 + o**3/6 - o**2. Give x(1).
-6
Suppose 0 = -4*g - 6 + 26. Suppose 12 = -4*d, -3*x + 3 = -2*d - 9. Let j(c) = 4 + x*c - c + 0*c. Calculate j(g).
9
Let x(u) = -13 + 16 - 8 - u. Let d(y) = -y + 2. Let z be d(2). Let w = z + 0. Calculate x(w).
-5
Let k(r) = 5*r**2 + r**3 - 11 - 10*r**2 + 17 - r. Give k(5).
1
Let a(w) = w**3 - 6*w**2 + 5. Let t(m) = -2*m**2 - 23*m - 24. Let k be t(-10). Give a(k).
5
Let q(r) = -2*r - 8. Let s = -43 - -37. What is q(s)?
4
Let f(g) = g**3 - 4*g**2 - 4*g + 10. Let w be f(4). Let l(b) = -b**2 - 4*b + 6. What is l(w)?
-6
Let i(u) = -u**2 + 5*u - 5. Suppose 5*o = -4*c + 6 + 23, -3*o = -3. Calculate i(c).
-11
Let v(g) = -4*g**2 + 2*g - 1. Suppose 2*r + 2 = -4*c - 2, 4*r = 8. Let h = c - -3. Give v(h).
-3
Suppose 4*n = -15 - 5. Let s(b) = b**2 + 4*b + 1. Give s(n).
6
Let c(q) be the second derivative of 3*q - 1/2*q**2 + q**3 + 0. Give c(-1).
-7
Suppose 4*k = 8*k + 20. Let s(z) = 0 - 1 - 3*z - 5. Determine s(k).
9
Let x(s) = -3*s**2 - 20*s - 6. Let n(d) = -4*d**2 + 2*d**2 - 3 + 1 + d**2 - 7*d. Let z(r) = -17*n(r) + 6*x(r). Determine z(0).
-2
Suppose 4 = -3*v + 7. Let f(m) = 5 - 2 + 5*m - v. Determine f(-2).
-8
Suppose -3*w + 2*n - 8 = 0, -2*w - 4*n - 6 = -22. Suppose s + 20 = -5*m, w = m + 5 - 2. Let b(l) = l. Give b(s).
-5
Let i(n) = -15 + n + n**2 + 2*n + n - 3*n. Determine i(0).
-15
Let f(y) be the third derivative of 0 + 0*y + 2*y**2 + 1/24*y**4 + 5/6*y**3. Calculate f(0).
5
Let i be (1 - 6)*(0 + -1). Suppose -5 = -5*c, i*c - 5 = -l + 2*l. Let r be 0/(2 - l) - -4. Let n(b) = -b + 5. What is n(r)?
1
Suppose 5*d = -4*b + 1, -3*b = 2*b - 3*d + 45. Let a be b/21 - (-37)/7. Let q = a + -9. Let v(x) = x**2 + x - 5. Calculate v(q).
7
Suppose -7 = -x - 3. Let a(j) = -j**3 + 5*j**2 - 4*j. Let d be a(x). Let f(s) = -4*s**2 + d*s**2 - 6*s + 5*s**2. Give f(5).
-5
Let m be 12/(-20) - (-2)/(-5). Let s = -1 + m. Let w(c) be the third derivative of -c**6/120 - c**5/15 - c**4/24 - c**3/3 - c**2. What is w(s)?
-8
Let a(c) = c**2 + c + 12. Let w(k) = -k**2 + 5*k - 6. Let z be w(3). Give a(z).
12
Let f(d) be the second derivative of -d**5/20 - 2*d**4/3 + d**3 + 5*d**2/2 + 65*d. Give f(-9).
32
Let w(f) be the third derivative of f**7/1008 - f**5/15 + 3*f**2. Let u(q) be the third derivative of w(q). What is u(-2)?
-10
Let o(c) = 2*c**2 + 4*c + 3. Suppose 36 = 4*x - 4*d, -4*x - d + 5 = -31. Let b = x + -11. Calculate o(b).
3
Let b(n) = -n**3 + 6*n**2 - 4*n + 2. Let i be b(4). Let u be (-2 + 3)/(6/i). Let t(k) = 3*k - 3. Determine t(u).
6
Suppose -y + 3 = g + 6, 4*g + y = -21. Let i(h) = -h**2 - 8*h - 4. Determine i(g).
8
Suppose 4*b = 7 + 9. Let z(r) be the first derivative of r**5/60 - r**4/6 - r**3/6 + 3*r**2/2 + 2. Let v(l) be the second derivative of z(l). Give v(b).
-1
Suppose -2*b + b + 8 = -2*n, 3*n - 3*b + 12 = 0. Let g(y) be the second derivative of y**4/12 + 5*y**3/6 + 2*y**2 + 2*y. What is g(n)?
0
Let a(b) = 4*b + 11. Let j(h) = 7*h + 21. Let q(p) = -11*a(p) + 6*j(p). Give q(4).
-3
Let a be (-3 - -1)*7/(-2). Let j(x) = -2*x**2 + 7*x + 2 - a*x. Determine j(-2).
-6
Let f(u) = 1 + 3*u - 2*u - 5*u**2 - 6*u + 0*u + u**3. Determine f(6).
7
Let x = 1 + -13. Let u(w) = w**3 + 12*w**2 - w - 15. Let c be u(x). Let y(i) = i**2 - 2. Give y(c).
7
Let z(p) = -5*p**2 + 1. Let n be 6/21 + 26/7. Suppose 0 = -9*h + 4*h - 5*w - 5, n*w = 0. Calculate z(h).
-4
Let y(z) = -z**2 + z. Let m(h) = h**2 + 4*h - 2. Let r(x) = -m(x) - 2*y(x). Determine r(5).
-3
Let g = 0 - -1. Let a(w) = -14*w - 11*w - 19*w - 1 + 48*w. Give a(g).
3
Let n(c) = -2*c + 2. Let u be 1 + 4 + 0/(-8). Suppose -6 + 21 = u*m. Give n(m).
-4
Let b = -14 - -21. Let o(s) = 4 - b*s**2 - 7 + s + 3. What is o(1)?
-6
Let j(o) = o**3 - 2*o**2 - 2. Let c(w) = 2*w**3 - 2*w**2 + w - 3. Let d(r) = 2*c(r) - 3*